
Let f(u) = -4193*u + 1208. Is f(-6) a prime number?
False
Suppose -235*q = 12*q - 70384379. Is q prime?
True
Suppose 2*z - 44 = 3*q + 6, 5*q + 76 = -4*z. Is (q - -14)/(-2*(-2)/(-3274)) composite?
False
Let x(p) = 250*p**2 - 21*p + 618. Is x(19) a composite number?
False
Let h(r) = 0*r + r + 43 + 0*r**2 - 40 + r**2. Let g be h(-2). Suppose -125 = -g*x + 570. Is x a composite number?
False
Suppose 2734255 = 37*a + 1012615 - 1579537. Is a a composite number?
True
Is (12/(-9))/((-40)/2133210) a composite number?
True
Suppose 37*w = 30*w + 252. Is ((-3048)/w)/((-4)/18) a composite number?
True
Suppose -3*j = -5*a + 27975 + 3440, 2*j = 3*a - 20945. Let b = j - -15533. Is b a composite number?
True
Let p = 5867 + -197. Let b = p + -87. Is b a prime number?
False
Let i = 89 + -61. Suppose 3*h = -4*g - 11, h - 2*g = 3*g + i. Suppose -2*f - h*f = -885. Is f a prime number?
False
Let w be ((-1154)/2)/(-2 - -3). Let z = 233 - w. Let k = z - 319. Is k a prime number?
True
Let n = 47458 - -275271. Is n a composite number?
True
Let t be 1762/5 + 6/(-15). Let s be 2/7 - 104608/(-196). Suppose 2*a = t + s. Is a a composite number?
False
Let n(c) = -2479*c**3 - 2*c**2 + 45*c + 1. Is n(-6) a composite number?
False
Suppose 10*o = 4*q + 5*o + 17, o = -q + 7. Let k(r) = -56*r - 73. Let w be k(-18). Suppose q*u - 3 = w. Is u a prime number?
False
Suppose 1406*w - 475277 = 1395*w. Is w a composite number?
False
Suppose -702*n + 694*n - 63003 + 242323 = 0. Is n prime?
False
Suppose t - 6140 = -4*l + 18949, 0 = 2*t - 3*l - 50134. Is t a composite number?
False
Let f(m) = 7*m**3 + 16*m**2 + 34*m - 1. Let g(c) = -8*c**3 - 17*c**2 - 36*c - 1. Let u(j) = 5*f(j) + 4*g(j). Is u(8) a prime number?
True
Let c = -133514 + 274951. Is c a composite number?
True
Let r = 138880 + 306949. Is r a composite number?
False
Let t = 256774 + -67343. Suppose 8*i = -9*i + t. Is i composite?
True
Let g(s) = -s**3 - 2*s**2 + 2*s + 5. Suppose 2*y + 17 = -3*a + 6*y, 1 = 3*a + 5*y. Let o be g(a). Suppose 0 = -15*k + o*k + 3563. Is k a composite number?
False
Let a be ((-8)/(-6) + -1)/(5/195). Suppose u + 4*h - 7 = 6*h, 5*u + a = -2*h. Is 2/9 + (-4318)/(-9) + u a composite number?
False
Suppose 5*c + 3*u = 3*c + 2541, 0 = -2*c + 2*u + 2516. Is c + -7 + 3 + 0 prime?
True
Let k(u) be the second derivative of -u**4/12 - 4*u**3/3 - 4*u**2 - 29*u. Let i be k(-7). Is (15 + i)*(-7)/(-2) + 2 composite?
True
Suppose -24*i = -2864758 + 661894. Is i prime?
False
Suppose 0 = -133*h + 231*h - 2723518. Is h composite?
False
Suppose -183*v = -16340632 + 5873581. Is v composite?
True
Suppose -8665*i + 8655*i = -11360410. Is i composite?
False
Let w be 4 - (-1 - (-9)/3). Suppose 2*p + 3*p = w*k + 18, -2*p + 9 = k. Suppose 2*j + 3308 = 2*r, p*r = 5*r - 5*j - 1650. Is r composite?
True
Let u be (-2)/(3/(18/(-4))). Suppose 4*s = j - 571, -3*j - 32*s = -34*s - 1673. Suppose f = -5*r + 354, u*r - 188 = -2*f + j. Is f a composite number?
False
Let t = -67039 + 128820. Is t a prime number?
True
Is (-2050706)/(-145) - (19/5 - 4) prime?
True
Let n be (3/9)/(1/6). Suppose 0 = 3*a + a - n*z - 434, 2*a = -3*z + 229. Is (2 - a/(-4))*224/16 a composite number?
True
Let k(p) = -3*p**3 + 261*p**2 - 114*p + 481. Is k(82) prime?
False
Suppose 0 = -32*m + 90 + 70. Suppose 0 = -p + m*f + 24839, 2 = -f - 0. Is p a prime number?
False
Let i = 158886 - 43301. Is i composite?
True
Let f(d) = 1535*d**2 + 3*d + 4. Suppose -8 = -24*x + 28*x. Let l be f(x). Suppose -4*c = -5*o + l, -5*o - 1077 = 4*c - 7199. Is o a prime number?
False
Let t = -46 - -61. Suppose b - t = -5*w, -w + 2 = 5*b - 1. Suppose -1924 = -w*a - a. Is a a prime number?
False
Suppose 0*f = -11*f + 31042. Suppose 16*h - 2538 = f. Is h composite?
True
Suppose -7*t + 455367 = 4*l - 2*t, 3*l - 341512 = -17*t. Is l a prime number?
True
Suppose x = -2*a + 9889, 0 = 2*a + 14*x - 15*x - 9899. Suppose -17950 = -7*r + a. Is r a prime number?
True
Suppose 0 = -4*f - 5*i + 4128, 2*i - 623 - 412 = -f. Let r = f - 573. Is r composite?
True
Let c = -904 - -9447. Is c a composite number?
False
Suppose 7 = 5*g - 3. Suppose -n + g + 39 = 0. Suppose -46*i + 11185 = -n*i. Is i a prime number?
True
Let l(d) = d**2 + 4*d - 311. Let s be l(0). Is (-10)/15*6 - s composite?
False
Let k(c) = -c**3 + 12*c**2 + c + 29. Let f(b) = 2*b**3 - 13*b**2 - 30. Let i(d) = -4*f(d) - 5*k(d). Is i(-6) prime?
False
Is 4426*2*27/((-2700)/(-925)) prime?
False
Let u be -4 + 23135/5 + 6. Let y = -584 + u. Is y composite?
True
Let c = 16315 + -23070. Let k = c - -10026. Is k composite?
False
Is -7 - ((-10 - 2) + -23042) a prime number?
False
Suppose -a + 23185 = 4*t, 92752 = 37*a - 33*a + 4*t. Is a composite?
False
Suppose -948*t - 207606 = -969*t. Is t a composite number?
True
Suppose -2*v = -8*v + 24. Suppose 0 = 2*j + v*h - 3170, -5*j + 3*h + 7815 = -97. Suppose -4*u = 3*a - 1893, -5*a - 4*u + j = -1580. Is a prime?
False
Suppose -1330 = -3*a + 2858. Let c(w) = -w**2 + 9*w + 5. Let x be c(9). Is (-4)/(-2)*a - x a composite number?
True
Let u(w) = -246756*w + 147. Is u(-1) a composite number?
True
Suppose -2*d + 2062454 = 68*d - 6132516. Is d a composite number?
False
Let v be (-1)/(2/469)*(-16)/28. Suppose -3*d = -5*d + v. Is d a prime number?
True
Let u = -18233 - -40620. Is u prime?
False
Suppose 4*c + 272531 = 2*r - 32095, 5 = -5*c. Is r prime?
True
Suppose 0 = 6*w - 47*w + 2562787. Is w composite?
False
Let o be (4 + 452078)/((-9)/(-6)). Suppose -58902 = -10*a + o. Is a composite?
True
Let q = 138009 - 56398. Is q a prime number?
True
Suppose -5*f - 412682 = -2*i, 4*i - 7*f + 8*f - 825364 = 0. Is i a composite number?
False
Let w(i) = i**2 + 9*i - 93. Let f be (2/(-3))/(60/(-2610)). Is w(f) prime?
True
Let t(l) = -582*l - 183. Let w(n) = 291*n + 92. Let q(i) = 6*t(i) + 13*w(i). Is q(11) prime?
True
Let a(r) = 1410*r - 1387. Is a(94) composite?
True
Let l = -1846 - -3054. Let b = -706 + l. Is b/3*(2/4 - -1) composite?
False
Let v(z) = -1267*z - 6. Let g be v(7). Let b = 14826 + g. Is b a composite number?
True
Let o(h) = -20*h**2 + h + 18. Let k be o(11). Let v be (3 - (-34)/(-10)) + k/(-15). Suppose w = v + 144. Is w composite?
True
Suppose -8*k + 66 = 10. Suppose -k*h = -28*h + 76251. Is h a prime number?
True
Let q = -11433 - -25070. Is q composite?
True
Suppose -l + 0*l = 2*r - 779, 3*l = 5*r + 2315. Let a = -827 + 291. Let b = a + l. Is b composite?
False
Let w = 115 - 118. Let g be 99*2/12*(-302)/w. Let z = g + -708. Is z composite?
False
Suppose l - 34*l = -12380899 + 4467400. Is l composite?
False
Let a(p) = 4*p - 34. Let z be a(9). Suppose -3*n + 2*h = -5, -13 = -3*n + z*h - 4*h. Suppose -5*m + 6903 = 4*o, -m - n*m + 4*o = -5508. Is m a prime number?
False
Let i be 3 + (-10)/(-15) + (-2)/(-6). Suppose 0 = i*j - 9 - 15. Is -3 + 1088/j*(-30)/(-20) a prime number?
True
Suppose -68*v + 20 = -64*v. Suppose 4*m - 5*b - 17657 = 0, -v*m = -b - 0*b - 22066. Is m a prime number?
False
Let h(o) = -o**2 + 13*o - 15. Let g be h(12). Let v(f) = 13*f**2 + 6*f - 4. Let p be v(g). Suppose 2*i - 75 - p = 0. Is i a composite number?
True
Let v(z) = -90671*z - 5366. Is v(-9) a composite number?
True
Suppose 0 = 3*p - 16 - 35. Suppose -7 - p = -2*o. Is o/18 + (-18032)/(-6) + 1 prime?
False
Let y(j) = -357*j - 16. Let o(m) = 356*m + 16. Let s(h) = -2*o(h) - 3*y(h). Is s(9) a prime number?
False
Let o(y) = -298*y + 1. Let q(z) = -z - 8. Let f be q(-7). Let i be f - (3 - 5/5). Is o(i) a prime number?
False
Let k(q) = 35058*q - 337. Is k(1) a prime number?
True
Suppose 5*w = w - 2192. Let a = 2981 + -1882. Let h = w + a. Is h a prime number?
False
Let k = -429 + 432. Let p(s) = s**3 + 4*s**2 + s - 2. Let o be p(-2). Suppose -k*a = -o*a + 223. Is a prime?
True
Let j be 3 + -4 - (-7 - 0). Let l be ((-4)/j)/(5/(-75)). Is -2*(-4 - 10225/l) composite?
False
Let a be (6 + (-256)/40)*-5. Is (-1472856)/(-198) + a/(-3) a prime number?
False
Let b(d) = 165*d**2 - 8*d - 10. Let o be b(-4). Suppose 0 = 4*l - 3*f - o, f = -3 + 5. Is l a prime number?
False
Is ((-2)/(-4))/((-58583800)/(-117167512) + (-2)/4) composite?
True
Suppose -5*b - 10 = -10*b, h = 5*b + 42007. Suppose -2*p + 5*v + 16787 = 0, -p + h = 4*p + 4*v. Is p a composite number?
True
Let c(d) = -61 - 17 + 103*d + 19. Is c(30) composite?
True
Suppose 0 = -29*b + 10*b + 283